{"id":1895,"date":"2023-07-12T11:36:46","date_gmt":"2023-07-12T11:36:46","guid":{"rendered":"https:\/\/cogiticova.es\/?page_id=1895"},"modified":"2023-11-03T11:12:40","modified_gmt":"2023-11-03T11:12:40","slug":"egm-juan-carlos-i-almussafes","status":"publish","type":"page","link":"https:\/\/cogiticova.es\/?page_id=1895","title":{"rendered":"EGM Juan Carlos I, Almussafes, 26 septiembre 2023, 9:00h a 10:30h"},"content":{"rendered":"\n<p><strong>JORNADA DE DIVULGACI\u00d3N DE LA SEGURIDAD INDUSTRIAL EN EGM JUAN CARLOS I, ALMUSSAFES<\/strong><\/p>\n\n\n\n<p><strong>FECHA: Martes 26 septiembre 2023, de 9:00h a 10:30h<\/strong><\/p>\n\n\n\n<p><strong>LUGAR: Pabell\u00f3n Cubierto (C\/ Poliesportiu, 9. Almussafes)<\/strong><\/p>\n\n\n\n<p><strong>OBJETIVOS<\/strong><\/p>\n\n\n\n<p>La Seguridad Industrial, es como el aire, no se ve, pero est\u00e1 en todas partes. Se podr\u00eda decir que hasta se necesita para vivir. Se asegura del buen dise\u00f1o, instalaci\u00f3n y mantenimiento de las instalaciones industriales, pero tambi\u00e9n de las cotidianas de electricidad, aire acondicionado, ventilaci\u00f3n, protecci\u00f3n contra incendios, etc. En definitiva, asegura el bienestar del tejido productivo y de la sociedad, minimizando los riesgos que supondr\u00eda un mal funcionamiento de este tipo de instalaciones.<\/p>\n\n\n\n<p>El nuevo portal web \u201cAgiliza-Industria\u201d est\u00e1 orientado a dar informaci\u00f3n y servicios de la Direcci\u00f3n General de Industria y Energ\u00eda relacionados con las industrias, los establecimientos industriales y las instalaciones. En esa l\u00ednea, en la jornada se describir\u00e1n las bases de datos de acceso abierto a las que da acceso de manera ordenada por tem\u00e1ticas, los tr\u00e1mites de relevancia, o las solicitudes posibles de habilitaci\u00f3n de personal cualificado. Tambi\u00e9n se puede acceder a consultar \u201cMis Datos\u201d en materia de industria que tiene la Administraci\u00f3n, mediante al acceso de la carpeta ciudadana. Para finalizar, existe tambi\u00e9n un acceso a la normativa de inter\u00e9s agrupada por materias, as\u00ed como una secci\u00f3n de novedades y ayudas.<\/p>\n\n\n\n<p><strong>PROGRAMA<\/strong><\/p>\n\n\n\n<p>09:00h Acreditaci\u00f3n de asistentes<\/p>\n\n\n\n<p>09:05h Presentaci\u00f3n de la Jornada<\/p>\n\n\n\n<p>09:15h Ponencia \u201cHerramientas y recursos para la Seguridad Industrial\u201d<\/p>\n\n\n\n<p>10:00h Clausura<\/p>\n\n\n\n<div class=\"wp-block-buttons\">\n<div class=\"wp-block-button has-custom-width wp-block-button__width-100\"><a class=\"wp-block-button__link has-vivid-cyan-blue-background-color has-background\" href=\"https:\/\/www.coitialicante.es\/index.php\/cogiticova?servicio=acontecimiento_ver&amp;id=2342\"><strong>INSCRIBIRSE<\/strong><\/a><\/div>\n<\/div>\n\n\n\n<hr class=\"wp-block-separator\"\/>\n\n\n\n<div class=\"wp-block-image\"><figure class=\"aligncenter size-large\"><a href=\"https:\/\/www.coitialicante.es\/index.php\/cogiticova?servicio=acontecimiento_ver&amp;id=2342\"><img loading=\"lazy\" width=\"724\" height=\"1024\" src=\"https:\/\/cogiticova.es\/wp-content\/uploads\/2023\/09\/COGITICOVA-Cartel-EGM-J_C-724x1024.jpg\" alt=\"JORNADA DE DIVULGACI\u00d3N DE LA SEGURIDAD INDUSTRIAL EN EGM JUAN CARLOS I, ALMUSSAFES\" class=\"wp-image-2173\" title=\"JORNADA DE DIVULGACI\u00d3N DE LA SEGURIDAD INDUSTRIAL EN EGM JUAN CARLOS I, ALMUSSAFES\" srcset=\"https:\/\/cogiticova.es\/wp-content\/uploads\/2023\/09\/COGITICOVA-Cartel-EGM-J_C-724x1024.jpg 724w, https:\/\/cogiticova.es\/wp-content\/uploads\/2023\/09\/COGITICOVA-Cartel-EGM-J_C-212x300.jpg 212w, https:\/\/cogiticova.es\/wp-content\/uploads\/2023\/09\/COGITICOVA-Cartel-EGM-J_C-768x1086.jpg 768w, https:\/\/cogiticova.es\/wp-content\/uploads\/2023\/09\/COGITICOVA-Cartel-EGM-J_C-1086x1536.jpg 1086w, https:\/\/cogiticova.es\/wp-content\/uploads\/2023\/09\/COGITICOVA-Cartel-EGM-J_C-1448x2048.jpg 1448w, https:\/\/cogiticova.es\/wp-content\/uploads\/2023\/09\/COGITICOVA-Cartel-EGM-J_C-scaled.jpg 1810w\" sizes=\"(max-width: 724px) 100vw, 724px\" \/><\/a><\/figure><\/div>\n\n\n\n<p class=\"has-medium-font-size\">RECURSOS<\/p>\n\n\n\n<p class=\"has-medium-font-size\"><a rel=\"noreferrer noopener\" href=\"https:\/\/cogiticova.es\/wp-content\/uploads\/2023\/09\/COGITICOVA_Jornadas-EGM_-Juan_Carlos.jpg\" data-type=\"URL\" data-id=\"https:\/\/cogiticova.es\/wp-content\/uploads\/2023\/09\/COGITICOVA_Jornadas-EGM_-Juan_Carlos.jpg\" target=\"_blank\"><strong>CARTEL<\/strong> <strong>JORNADA<\/strong><img loading=\"lazy\" width=\"1280\" height=\"1280\" class=\"wp-image-2076\" style=\"width: 60px;\" src=\"https:\/\/cogiticova.es\/wp-content\/uploads\/2023\/09\/descarga.png\" alt=\"\" srcset=\"https:\/\/cogiticova.es\/wp-content\/uploads\/2023\/09\/descarga.png 1280w, https:\/\/cogiticova.es\/wp-content\/uploads\/2023\/09\/descarga-300x300.png 300w, https:\/\/cogiticova.es\/wp-content\/uploads\/2023\/09\/descarga-1024x1024.png 1024w, https:\/\/cogiticova.es\/wp-content\/uploads\/2023\/09\/descarga-150x150.png 150w, https:\/\/cogiticova.es\/wp-content\/uploads\/2023\/09\/descarga-768x768.png 768w, https:\/\/cogiticova.es\/wp-content\/uploads\/2023\/09\/descarga-70x70.png 70w, https:\/\/cogiticova.es\/wp-content\/uploads\/2023\/09\/descarga-127x127.png 127w, https:\/\/cogiticova.es\/wp-content\/uploads\/2023\/09\/descarga-476x476.png 476w, https:\/\/cogiticova.es\/wp-content\/uploads\/2023\/09\/descarga-125x125.png 125w\" sizes=\"(max-width: 1280px) 100vw, 1280px\" \/><\/a><\/p>\n\n\n\n<p class=\"has-medium-font-size\"><strong><a rel=\"noreferrer noopener\" href=\"https:\/\/cogiticova.es\/wp-content\/uploads\/2023\/09\/COGITICOVA-Cartel-EGM-J_C-scaled.jpg\" target=\"_blank\">PROGRAMA<\/a><\/strong><a rel=\"noreferrer noopener\" href=\"https:\/\/cogiticova.es\/wp-content\/uploads\/2023\/09\/COGITICOVA-Cartel-EGM-J_C-scaled.jpg\" target=\"_blank\"><img loading=\"lazy\" width=\"1280\" height=\"1280\" class=\"wp-image-2076\" style=\"width: 60px;\" src=\"https:\/\/cogiticova.es\/wp-content\/uploads\/2023\/09\/descarga.png\" alt=\"\" srcset=\"https:\/\/cogiticova.es\/wp-content\/uploads\/2023\/09\/descarga.png 1280w, https:\/\/cogiticova.es\/wp-content\/uploads\/2023\/09\/descarga-300x300.png 300w, https:\/\/cogiticova.es\/wp-content\/uploads\/2023\/09\/descarga-1024x1024.png 1024w, https:\/\/cogiticova.es\/wp-content\/uploads\/2023\/09\/descarga-150x150.png 150w, https:\/\/cogiticova.es\/wp-content\/uploads\/2023\/09\/descarga-768x768.png 768w, https:\/\/cogiticova.es\/wp-content\/uploads\/2023\/09\/descarga-70x70.png 70w, https:\/\/cogiticova.es\/wp-content\/uploads\/2023\/09\/descarga-127x127.png 127w, https:\/\/cogiticova.es\/wp-content\/uploads\/2023\/09\/descarga-476x476.png 476w, https:\/\/cogiticova.es\/wp-content\/uploads\/2023\/09\/descarga-125x125.png 125w\" sizes=\"(max-width: 1280px) 100vw, 1280px\" \/><\/a><\/p>\n\n\n\n<p class=\"has-medium-font-size\"><strong><a rel=\"noreferrer noopener\" href=\"https:\/\/cogiticova.es\/wp-content\/uploads\/2023\/10\/Guion_Jornadas_EGM.pdf\" target=\"_blank\">GUI\u00d3N JORNADA<\/a><\/strong><a rel=\"noreferrer noopener\" href=\"https:\/\/cogiticova.es\/wp-content\/uploads\/2023\/10\/Guion_Jornadas_EGM.pdf\" target=\"_blank\"><img loading=\"lazy\" width=\"1280\" height=\"1280\" class=\"wp-image-2076\" style=\"width: 60px;\" src=\"https:\/\/cogiticova.es\/wp-content\/uploads\/2023\/09\/descarga.png\" alt=\"\" srcset=\"https:\/\/cogiticova.es\/wp-content\/uploads\/2023\/09\/descarga.png 1280w, https:\/\/cogiticova.es\/wp-content\/uploads\/2023\/09\/descarga-300x300.png 300w, https:\/\/cogiticova.es\/wp-content\/uploads\/2023\/09\/descarga-1024x1024.png 1024w, https:\/\/cogiticova.es\/wp-content\/uploads\/2023\/09\/descarga-150x150.png 150w, https:\/\/cogiticova.es\/wp-content\/uploads\/2023\/09\/descarga-768x768.png 768w, https:\/\/cogiticova.es\/wp-content\/uploads\/2023\/09\/descarga-70x70.png 70w, https:\/\/cogiticova.es\/wp-content\/uploads\/2023\/09\/descarga-127x127.png 127w, https:\/\/cogiticova.es\/wp-content\/uploads\/2023\/09\/descarga-476x476.png 476w, https:\/\/cogiticova.es\/wp-content\/uploads\/2023\/09\/descarga-125x125.png 125w\" sizes=\"(max-width: 1280px) 100vw, 1280px\" \/><\/a><\/p>\n\n\n\n<p class=\"has-medium-font-size\"><a href=\"https:\/\/portalindustria.gva.es\/es\" target=\"_blank\" rel=\"noreferrer noopener\"><strong>https:\/\/portalindustria.gva.es\/es<\/strong><\/a><\/p>\n\n\n\n<p class=\"has-medium-font-size\"><a href=\"https:\/\/sicheck.iicv.net\" target=\"_blank\" rel=\"noreferrer noopener\"><strong>https:\/\/sicheck.iicv.net<\/strong><\/a><\/p>\n","protected":false},"excerpt":{"rendered":"<p>JORNADA DE DIVULGACI\u00d3N DE LA SEGURIDAD INDUSTRIAL EN EGM JUAN CARLOS I, ALMUSSAFES FECHA: Martes 26 septiembre 2023, de 9:00h a 10:30h LUGAR: Pabell\u00f3n Cubierto (C\/ Poliesportiu, 9. Almussafes) OBJETIVOS La Seguridad Industrial, es como el aire, no se ve, pero est\u00e1 en todas partes. Se podr\u00eda decir que hasta se necesita para vivir. SeLeer m\u00e1s<\/p>\n","protected":false},"author":1,"featured_media":2108,"parent":0,"menu_order":0,"comment_status":"closed","ping_status":"closed","template":"","meta":[],"_links":{"self":[{"href":"https:\/\/cogiticova.es\/index.php?rest_route=\/wp\/v2\/pages\/1895"}],"collection":[{"href":"https:\/\/cogiticova.es\/index.php?rest_route=\/wp\/v2\/pages"}],"about":[{"href":"https:\/\/cogiticova.es\/index.php?rest_route=\/wp\/v2\/types\/page"}],"author":[{"embeddable":true,"href":"https:\/\/cogiticova.es\/index.php?rest_route=\/wp\/v2\/users\/1"}],"replies":[{"embeddable":true,"href":"https:\/\/cogiticova.es\/index.php?rest_route=%2Fwp%2Fv2%2Fcomments&post=1895"}],"version-history":[{"count":17,"href":"https:\/\/cogiticova.es\/index.php?rest_route=\/wp\/v2\/pages\/1895\/revisions"}],"predecessor-version":[{"id":2325,"href":"https:\/\/cogiticova.es\/index.php?rest_route=\/wp\/v2\/pages\/1895\/revisions\/2325"}],"wp:featuredmedia":[{"embeddable":true,"href":"https:\/\/cogiticova.es\/index.php?rest_route=\/wp\/v2\/media\/2108"}],"wp:attachment":[{"href":"https:\/\/cogiticova.es\/index.php?rest_route=%2Fwp%2Fv2%2Fmedia&parent=1895"}],"curies":[{"name":"wp","href":"https:\/\/api.w.org\/{rel}","templated":true}]}}