{"id":1902,"date":"2023-07-12T11:52:50","date_gmt":"2023-07-12T11:52:50","guid":{"rendered":"https:\/\/cogiticova.es\/?page_id=1902"},"modified":"2023-11-03T11:10:32","modified_gmt":"2023-11-03T11:10:32","slug":"egm-parque-logistico-valencia-plv","status":"publish","type":"page","link":"https:\/\/cogiticova.es\/?page_id=1902","title":{"rendered":"EGM Parque Log\u00edstico Valencia (PLV), 19 septiembre 2023, 9:30h a 11:00h"},"content":{"rendered":"\n<p><strong>JORNADA DIVULGACI\u00d3N SEGURIDAD INDUSTRIAL EGM PARQUE LOG\u00cdSTICO VALENCIA (PLV)<\/strong><\/p>\n\n\n\n<p><strong>FECHA: Martes 19 septiembre 2023, 9:30h a 11:00h<\/strong><\/p>\n\n\n\n<p><strong>LUGAR: Centro de Negocios ASG. C\/Mallorca, 2. Riba-roja de Turia<\/strong><\/p>\n\n\n\n<p><strong>OBJETIVOS<\/strong><\/p>\n\n\n\n<p>La Seguridad Industrial, es como el aire, no se ve, pero est\u00e1 en todas partes. Se podr\u00eda decir que hasta se necesita para vivir. Se asegura del buen dise\u00f1o, instalaci\u00f3n y mantenimiento de las instalaciones industriales, pero tambi\u00e9n de las cotidianas de electricidad, aire acondicionado, ventilaci\u00f3n, protecci\u00f3n contra incendios, etc. En definitiva, asegura el bienestar del tejido productivo y de la sociedad, minimizando los riesgos que supondr\u00eda un mal funcionamiento de este tipo de instalaciones.<\/p>\n\n\n\n<p>El nuevo portal web \u201cAgiliza-Industria\u201d est\u00e1 orientado a dar informaci\u00f3n y servicios de la Direcci\u00f3n General de Industria y Energ\u00eda relacionados con las industrias, los establecimientos industriales y las instalaciones. En esa l\u00ednea, en la jornada se describir\u00e1n las bases de datos de acceso abierto a las que da acceso de manera ordenada por tem\u00e1ticas, los tr\u00e1mites de relevancia, o las solicitudes posibles de habilitaci\u00f3n de personal cualificado. Tambi\u00e9n se puede acceder a consultar \u201cMis Datos\u201d en materia de industria que tiene la Administraci\u00f3n, mediante al acceso de la carpeta ciudadana. Para finalizar, existe tambi\u00e9n un acceso a la normativa de inter\u00e9s agrupada por materias, as\u00ed como una secci\u00f3n de novedades y ayudas.<\/p>\n\n\n\n<p><strong>PROGRAMA<\/strong><\/p>\n\n\n\n<p>09:30h Acreditaci\u00f3n de asistentes<\/p>\n\n\n\n<p>09:35h Presentaci\u00f3n de la Jornada<\/p>\n\n\n\n<p>09:45h Ponencia \u201cHerramientas y recursos para la Seguridad Industrial\u201d<\/p>\n\n\n\n<p>10:30h Clausura<\/p>\n\n\n\n<div class=\"wp-block-buttons\">\n<div class=\"wp-block-button has-custom-width wp-block-button__width-100\"><a class=\"wp-block-button__link has-white-color has-vivid-cyan-blue-background-color has-text-color has-background\" href=\"https:\/\/www.coitialicante.es\/index.php\/cogiticova?servicio=acontecimiento_ver&amp;id=2344\"><strong>INSCRIBIRSE<\/strong><\/a><\/div>\n<\/div>\n\n\n\n<hr class=\"wp-block-separator\"\/>\n\n\n\n<figure class=\"wp-block-image size-large\"><a href=\"https:\/\/www.coitialicante.es\/index.php\/cogiticova?servicio=acontecimiento_ver&amp;id=2344\"><img loading=\"lazy\" width=\"724\" height=\"1024\" src=\"https:\/\/cogiticova.es\/wp-content\/uploads\/2023\/09\/COGITICOVA_Programa_EGM_PLV-724x1024.jpg\" alt=\"JORNADA DIVULGACI\u00d3N SEGURIDAD INDUSTRIAL EGM PARQUE LOG\u00cdSTICO VALENCIA (PLV)\" class=\"wp-image-2149\" title=\"JORNADA DIVULGACI\u00d3N SEGURIDAD INDUSTRIAL EGM PARQUE LOG\u00cdSTICO VALENCIA (PLV)\" srcset=\"https:\/\/cogiticova.es\/wp-content\/uploads\/2023\/09\/COGITICOVA_Programa_EGM_PLV-724x1024.jpg 724w, https:\/\/cogiticova.es\/wp-content\/uploads\/2023\/09\/COGITICOVA_Programa_EGM_PLV-212x300.jpg 212w, https:\/\/cogiticova.es\/wp-content\/uploads\/2023\/09\/COGITICOVA_Programa_EGM_PLV-768x1086.jpg 768w, https:\/\/cogiticova.es\/wp-content\/uploads\/2023\/09\/COGITICOVA_Programa_EGM_PLV-1086x1536.jpg 1086w, https:\/\/cogiticova.es\/wp-content\/uploads\/2023\/09\/COGITICOVA_Programa_EGM_PLV-1448x2048.jpg 1448w, https:\/\/cogiticova.es\/wp-content\/uploads\/2023\/09\/COGITICOVA_Programa_EGM_PLV-scaled.jpg 1810w\" sizes=\"(max-width: 724px) 100vw, 724px\" \/><\/a><\/figure>\n\n\n\n<p class=\"has-medium-font-size\">RECURSOS<\/p>\n\n\n\n<p class=\"has-medium-font-size\"><strong><a rel=\"noreferrer noopener\" href=\"https:\/\/cogiticova.es\/wp-content\/uploads\/2023\/09\/COGITICOVA_Jornadas_EGM_PLV-1.jpg\" data-type=\"URL\" data-id=\"https:\/\/cogiticova.es\/wp-content\/uploads\/2023\/09\/COGITICOVA_Jornadas_EGM_PLV-1.jpg\" target=\"_blank\">CARTEL JORNADA<\/a><\/strong><a rel=\"noreferrer noopener\" href=\"https:\/\/cogiticova.es\/wp-content\/uploads\/2023\/09\/COGITICOVA_Jornadas_EGM_PLV-1.jpg\" data-type=\"URL\" target=\"_blank\"><img loading=\"lazy\" width=\"1280\" height=\"1280\" class=\"wp-image-2076\" style=\"width: 60px;\" src=\"https:\/\/cogiticova.es\/wp-content\/uploads\/2023\/09\/descarga.png\" alt=\"\" srcset=\"https:\/\/cogiticova.es\/wp-content\/uploads\/2023\/09\/descarga.png 1280w, https:\/\/cogiticova.es\/wp-content\/uploads\/2023\/09\/descarga-300x300.png 300w, https:\/\/cogiticova.es\/wp-content\/uploads\/2023\/09\/descarga-1024x1024.png 1024w, https:\/\/cogiticova.es\/wp-content\/uploads\/2023\/09\/descarga-150x150.png 150w, https:\/\/cogiticova.es\/wp-content\/uploads\/2023\/09\/descarga-768x768.png 768w, https:\/\/cogiticova.es\/wp-content\/uploads\/2023\/09\/descarga-70x70.png 70w, https:\/\/cogiticova.es\/wp-content\/uploads\/2023\/09\/descarga-127x127.png 127w, https:\/\/cogiticova.es\/wp-content\/uploads\/2023\/09\/descarga-476x476.png 476w, https:\/\/cogiticova.es\/wp-content\/uploads\/2023\/09\/descarga-125x125.png 125w\" sizes=\"(max-width: 1280px) 100vw, 1280px\" \/><\/a><\/p>\n\n\n\n<p class=\"has-medium-font-size\"><strong><a href=\"https:\/\/cogiticova.es\/wp-content\/uploads\/2023\/09\/COGITICOVA_Programa_EGM_PLV-scaled.jpg\" target=\"_blank\" rel=\"noreferrer noopener\">PROGRAMA<\/a><\/strong><a href=\"https:\/\/cogiticova.es\/wp-content\/uploads\/2023\/09\/COGITICOVA_Programa_EGM_PLV-scaled.jpg\" target=\"_blank\" rel=\"noreferrer noopener\"><img loading=\"lazy\" width=\"1280\" height=\"1280\" class=\"wp-image-2076\" style=\"width: 60px;\" src=\"https:\/\/cogiticova.es\/wp-content\/uploads\/2023\/09\/descarga.png\" alt=\"\" srcset=\"https:\/\/cogiticova.es\/wp-content\/uploads\/2023\/09\/descarga.png 1280w, https:\/\/cogiticova.es\/wp-content\/uploads\/2023\/09\/descarga-300x300.png 300w, https:\/\/cogiticova.es\/wp-content\/uploads\/2023\/09\/descarga-1024x1024.png 1024w, https:\/\/cogiticova.es\/wp-content\/uploads\/2023\/09\/descarga-150x150.png 150w, https:\/\/cogiticova.es\/wp-content\/uploads\/2023\/09\/descarga-768x768.png 768w, https:\/\/cogiticova.es\/wp-content\/uploads\/2023\/09\/descarga-70x70.png 70w, https:\/\/cogiticova.es\/wp-content\/uploads\/2023\/09\/descarga-127x127.png 127w, https:\/\/cogiticova.es\/wp-content\/uploads\/2023\/09\/descarga-476x476.png 476w, https:\/\/cogiticova.es\/wp-content\/uploads\/2023\/09\/descarga-125x125.png 125w\" sizes=\"(max-width: 1280px) 100vw, 1280px\" \/><\/a><\/p>\n\n\n\n<p class=\"has-medium-font-size\"><strong><a rel=\"noreferrer noopener\" href=\"https:\/\/cogiticova.es\/wp-content\/uploads\/2023\/10\/Guion_Jornadas_EGM.pdf\" target=\"_blank\">GUI\u00d3N JORNADA<\/a><\/strong><a rel=\"noreferrer noopener\" href=\"https:\/\/cogiticova.es\/wp-content\/uploads\/2023\/10\/Guion_Jornadas_EGM.pdf\" target=\"_blank\"><img loading=\"lazy\" width=\"1280\" height=\"1280\" class=\"wp-image-2076\" style=\"width: 60px;\" src=\"https:\/\/cogiticova.es\/wp-content\/uploads\/2023\/09\/descarga.png\" alt=\"\" srcset=\"https:\/\/cogiticova.es\/wp-content\/uploads\/2023\/09\/descarga.png 1280w, https:\/\/cogiticova.es\/wp-content\/uploads\/2023\/09\/descarga-300x300.png 300w, https:\/\/cogiticova.es\/wp-content\/uploads\/2023\/09\/descarga-1024x1024.png 1024w, https:\/\/cogiticova.es\/wp-content\/uploads\/2023\/09\/descarga-150x150.png 150w, https:\/\/cogiticova.es\/wp-content\/uploads\/2023\/09\/descarga-768x768.png 768w, https:\/\/cogiticova.es\/wp-content\/uploads\/2023\/09\/descarga-70x70.png 70w, https:\/\/cogiticova.es\/wp-content\/uploads\/2023\/09\/descarga-127x127.png 127w, https:\/\/cogiticova.es\/wp-content\/uploads\/2023\/09\/descarga-476x476.png 476w, https:\/\/cogiticova.es\/wp-content\/uploads\/2023\/09\/descarga-125x125.png 125w\" sizes=\"(max-width: 1280px) 100vw, 1280px\" \/><\/a><\/p>\n\n\n\n<p class=\"has-medium-font-size\"><a href=\"https:\/\/portalindustria.gva.es\/es\" target=\"_blank\" rel=\"noreferrer noopener\"><strong>https:\/\/portalindustria.gva.es\/es<\/strong><\/a><\/p>\n\n\n\n<p class=\"has-medium-font-size\"><strong><a href=\"https:\/\/sicheck.iicv.net\" target=\"_blank\" rel=\"noreferrer noopener\">https:\/\/sicheck.iicv.net<\/a><\/strong><\/p>\n","protected":false},"excerpt":{"rendered":"<p>JORNADA DIVULGACI\u00d3N SEGURIDAD INDUSTRIAL EGM PARQUE LOG\u00cdSTICO VALENCIA (PLV) FECHA: Martes 19 septiembre 2023, 9:30h a 11:00h LUGAR: Centro de Negocios ASG. C\/Mallorca, 2. Riba-roja de Turia OBJETIVOS La Seguridad Industrial, es como el aire, no se ve, pero est\u00e1 en todas partes. Se podr\u00eda decir que hasta se necesita para vivir. Se asegura delLeer m\u00e1s<\/p>\n","protected":false},"author":1,"featured_media":2107,"parent":0,"menu_order":0,"comment_status":"closed","ping_status":"closed","template":"","meta":[],"_links":{"self":[{"href":"https:\/\/cogiticova.es\/index.php?rest_route=\/wp\/v2\/pages\/1902"}],"collection":[{"href":"https:\/\/cogiticova.es\/index.php?rest_route=\/wp\/v2\/pages"}],"about":[{"href":"https:\/\/cogiticova.es\/index.php?rest_route=\/wp\/v2\/types\/page"}],"author":[{"embeddable":true,"href":"https:\/\/cogiticova.es\/index.php?rest_route=\/wp\/v2\/users\/1"}],"replies":[{"embeddable":true,"href":"https:\/\/cogiticova.es\/index.php?rest_route=%2Fwp%2Fv2%2Fcomments&post=1902"}],"version-history":[{"count":28,"href":"https:\/\/cogiticova.es\/index.php?rest_route=\/wp\/v2\/pages\/1902\/revisions"}],"predecessor-version":[{"id":2324,"href":"https:\/\/cogiticova.es\/index.php?rest_route=\/wp\/v2\/pages\/1902\/revisions\/2324"}],"wp:featuredmedia":[{"embeddable":true,"href":"https:\/\/cogiticova.es\/index.php?rest_route=\/wp\/v2\/media\/2107"}],"wp:attachment":[{"href":"https:\/\/cogiticova.es\/index.php?rest_route=%2Fwp%2Fv2%2Fmedia&parent=1902"}],"curies":[{"name":"wp","href":"https:\/\/api.w.org\/{rel}","templated":true}]}}

EGM Parque Logístico Valencia (PLV), 19 septiembre 2023, 9:30h a 11:00h

<p><strong>JORNADA DIVULGACIÓN SEGURIDAD INDUSTRIAL EGM PARQUE LOGÍSTICO VALENCIA (PLV)</strong></p>



<p><strong>FECHA: Martes 19 septiembre 2023, 9:30h a 11:00h</strong></p>



<p><strong>LUGAR: Centro de Negocios ASG. C/Mallorca, 2. Riba-roja de Turia</strong></p>



<p><strong>OBJETIVOS</strong></p>



<p>La Seguridad Industrial, es como el aire, no se ve, pero está en todas partes. Se podría decir que hasta se necesita para vivir. Se asegura del buen diseño, instalación y mantenimiento de las instalaciones industriales, pero también de las cotidianas de electricidad, aire acondicionado, ventilación, protección contra incendios, etc. En definitiva, asegura el bienestar del tejido productivo y de la sociedad, minimizando los riesgos que supondría un mal funcionamiento de este tipo de instalaciones.</p>



<p>El nuevo portal web “Agiliza-Industria” está orientado a dar información y servicios de la Dirección General de Industria y Energía relacionados con las industrias, los establecimientos industriales y las instalaciones. En esa línea, en la jornada se describirán las bases de datos de acceso abierto a las que da acceso de manera ordenada por temáticas, los trámites de relevancia, o las solicitudes posibles de habilitación de personal cualificado. También se puede acceder a consultar “Mis Datos” en materia de industria que tiene la Administración, mediante al acceso de la carpeta ciudadana. Para finalizar, existe también un acceso a la normativa de interés agrupada por materias, así como una sección de novedades y ayudas.</p>



<p><strong>PROGRAMA</strong></p>



<p>09:30h Acreditación de asistentes</p>



<p>09:35h Presentación de la Jornada</p>



<p>09:45h Ponencia “Herramientas y recursos para la Seguridad Industrial”</p>



<p>10:30h Clausura</p>



<div class="wp-block-buttons">
<div class="wp-block-button has-custom-width wp-block-button__width-100"><a class="wp-block-button__link has-white-color has-vivid-cyan-blue-background-color has-text-color has-background" href="https://www.coitialicante.es/index.php/cogiticova?servicio=acontecimiento_ver&amp;id=2344"><strong>INSCRIBIRSE</strong></a></div>
</div>



<hr class="wp-block-separator"/>



<figure class="wp-block-image size-large"><a href="https://www.coitialicante.es/index.php/cogiticova?servicio=acontecimiento_ver&amp;id=2344"><img loading="lazy" width="724" height="1024" src="https://cogiticova.es/wp-content/uploads/2023/09/COGITICOVA_Programa_EGM_PLV-724x1024.jpg" alt="JORNADA DIVULGACIÓN SEGURIDAD INDUSTRIAL EGM PARQUE LOGÍSTICO VALENCIA (PLV)" class="wp-image-2149" title="JORNADA DIVULGACIÓN SEGURIDAD INDUSTRIAL EGM PARQUE LOGÍSTICO VALENCIA (PLV)" srcset="https://cogiticova.es/wp-content/uploads/2023/09/COGITICOVA_Programa_EGM_PLV-724x1024.jpg 724w, https://cogiticova.es/wp-content/uploads/2023/09/COGITICOVA_Programa_EGM_PLV-212x300.jpg 212w, https://cogiticova.es/wp-content/uploads/2023/09/COGITICOVA_Programa_EGM_PLV-768x1086.jpg 768w, https://cogiticova.es/wp-content/uploads/2023/09/COGITICOVA_Programa_EGM_PLV-1086x1536.jpg 1086w, https://cogiticova.es/wp-content/uploads/2023/09/COGITICOVA_Programa_EGM_PLV-1448x2048.jpg 1448w, https://cogiticova.es/wp-content/uploads/2023/09/COGITICOVA_Programa_EGM_PLV-scaled.jpg 1810w" sizes="(max-width: 724px) 100vw, 724px" /></a></figure>



<p class="has-medium-font-size">RECURSOS</p>



<p class="has-medium-font-size"><strong><a rel="noreferrer noopener" href="https://cogiticova.es/wp-content/uploads/2023/09/COGITICOVA_Jornadas_EGM_PLV-1.jpg" data-type="URL" data-id="https://cogiticova.es/wp-content/uploads/2023/09/COGITICOVA_Jornadas_EGM_PLV-1.jpg" target="_blank">CARTEL JORNADA</a></strong><a rel="noreferrer noopener" href="https://cogiticova.es/wp-content/uploads/2023/09/COGITICOVA_Jornadas_EGM_PLV-1.jpg" data-type="URL" target="_blank"><img loading="lazy" width="1280" height="1280" class="wp-image-2076" style="width: 60px;" src="https://cogiticova.es/wp-content/uploads/2023/09/descarga.png" alt="" srcset="https://cogiticova.es/wp-content/uploads/2023/09/descarga.png 1280w, https://cogiticova.es/wp-content/uploads/2023/09/descarga-300x300.png 300w, https://cogiticova.es/wp-content/uploads/2023/09/descarga-1024x1024.png 1024w, https://cogiticova.es/wp-content/uploads/2023/09/descarga-150x150.png 150w, https://cogiticova.es/wp-content/uploads/2023/09/descarga-768x768.png 768w, https://cogiticova.es/wp-content/uploads/2023/09/descarga-70x70.png 70w, https://cogiticova.es/wp-content/uploads/2023/09/descarga-127x127.png 127w, https://cogiticova.es/wp-content/uploads/2023/09/descarga-476x476.png 476w, https://cogiticova.es/wp-content/uploads/2023/09/descarga-125x125.png 125w" sizes="(max-width: 1280px) 100vw, 1280px" /></a></p>



<p class="has-medium-font-size"><strong><a href="https://cogiticova.es/wp-content/uploads/2023/09/COGITICOVA_Programa_EGM_PLV-scaled.jpg" target="_blank" rel="noreferrer noopener">PROGRAMA</a></strong><a href="https://cogiticova.es/wp-content/uploads/2023/09/COGITICOVA_Programa_EGM_PLV-scaled.jpg" target="_blank" rel="noreferrer noopener"><img loading="lazy" width="1280" height="1280" class="wp-image-2076" style="width: 60px;" src="https://cogiticova.es/wp-content/uploads/2023/09/descarga.png" alt="" srcset="https://cogiticova.es/wp-content/uploads/2023/09/descarga.png 1280w, https://cogiticova.es/wp-content/uploads/2023/09/descarga-300x300.png 300w, https://cogiticova.es/wp-content/uploads/2023/09/descarga-1024x1024.png 1024w, https://cogiticova.es/wp-content/uploads/2023/09/descarga-150x150.png 150w, https://cogiticova.es/wp-content/uploads/2023/09/descarga-768x768.png 768w, https://cogiticova.es/wp-content/uploads/2023/09/descarga-70x70.png 70w, https://cogiticova.es/wp-content/uploads/2023/09/descarga-127x127.png 127w, https://cogiticova.es/wp-content/uploads/2023/09/descarga-476x476.png 476w, https://cogiticova.es/wp-content/uploads/2023/09/descarga-125x125.png 125w" sizes="(max-width: 1280px) 100vw, 1280px" /></a></p>



<p class="has-medium-font-size"><strong><a rel="noreferrer noopener" href="https://cogiticova.es/wp-content/uploads/2023/10/Guion_Jornadas_EGM.pdf" target="_blank">GUIÓN JORNADA</a></strong><a rel="noreferrer noopener" href="https://cogiticova.es/wp-content/uploads/2023/10/Guion_Jornadas_EGM.pdf" target="_blank"><img loading="lazy" width="1280" height="1280" class="wp-image-2076" style="width: 60px;" src="https://cogiticova.es/wp-content/uploads/2023/09/descarga.png" alt="" srcset="https://cogiticova.es/wp-content/uploads/2023/09/descarga.png 1280w, https://cogiticova.es/wp-content/uploads/2023/09/descarga-300x300.png 300w, https://cogiticova.es/wp-content/uploads/2023/09/descarga-1024x1024.png 1024w, https://cogiticova.es/wp-content/uploads/2023/09/descarga-150x150.png 150w, https://cogiticova.es/wp-content/uploads/2023/09/descarga-768x768.png 768w, https://cogiticova.es/wp-content/uploads/2023/09/descarga-70x70.png 70w, https://cogiticova.es/wp-content/uploads/2023/09/descarga-127x127.png 127w, https://cogiticova.es/wp-content/uploads/2023/09/descarga-476x476.png 476w, https://cogiticova.es/wp-content/uploads/2023/09/descarga-125x125.png 125w" sizes="(max-width: 1280px) 100vw, 1280px" /></a></p>



<p class="has-medium-font-size"><a href="https://portalindustria.gva.es/es" target="_blank" rel="noreferrer noopener"><strong>https://portalindustria.gva.es/es</strong></a></p>



<p class="has-medium-font-size"><strong><a href="https://sicheck.iicv.net" target="_blank" rel="noreferrer noopener">https://sicheck.iicv.net</a></strong></p>

<p>JORNADA DIVULGACIÓN SEGURIDAD INDUSTRIAL EGM PARQUE LOGÍSTICO VALENCIA (PLV) FECHA: Martes 19 septiembre 2023, 9:30h a 11:00h LUGAR: Centro de Negocios ASG. C/Mallorca, 2. Riba-roja de Turia OBJETIVOS La Seguridad Industrial, es como el aire, no se ve, pero está en todas partes. Se podría decir que hasta se necesita para vivir. Se asegura delLeer más</p>
