{"id":1910,"date":"2023-07-12T12:35:33","date_gmt":"2023-07-12T12:35:33","guid":{"rendered":"https:\/\/cogiticova.es\/?page_id=1910"},"modified":"2023-11-03T11:00:54","modified_gmt":"2023-11-03T11:00:54","slug":"universidad-de-valencia-uv","status":"publish","type":"page","link":"https:\/\/cogiticova.es\/?page_id=1910","title":{"rendered":"Universidad de Valencia UV, 31 octubre 2023 15:30h a 17:30h"},"content":{"rendered":"\n<p><strong>JORNADA HERRAMIENTAS Y RECURSOS PARA LA SEGURIDAD INDUSTRIAL \u2013 UV VALENCIA<\/strong><\/p>\n\n\n\n<p><strong>FECHA: Martes 31 de octubre de 2023, de 15:30h a 17:30h<\/strong><\/p>\n\n\n\n<p><strong>LUGAR: Sal\u00f3n de Grados Joan Pelechano. Escuela T\u00e9cnica Superior de Ingenier\u00eda. ETSE-UV. Universidad de Valencia<\/strong><\/p>\n\n\n\n<p><strong>OBJETIVOS<\/strong><\/p>\n\n\n\n<p>El n\u00famero de agentes integrantes en la Seguridad Industrial resulta complejo en cuanto a disciplinas de conocimiento involucradas, y a\u00fan m\u00e1s si lo que se pretende es una colaboraci\u00f3n interdisciplinar para avanzar hacia una transformaci\u00f3n digital y sostenible, en la que los ingenieros deben posicionarse como una tecnolog\u00eda habilitadora m\u00e1s conjugando las diferentes disciplinas: infraestructuras, movilidad, eficiencia energ\u00e9tica, residuos, gesti\u00f3n y mantenimiento\u2026etc.<\/p>\n\n\n\n<p>La adquisici\u00f3n de informaci\u00f3n de procesos, edificios y organizaciones, su tratamiento y el an\u00e1lisis posterior de los datos agregados ser\u00e1 de suma importancia durante los pr\u00f3ximos a\u00f1os para la toma de decisiones de inversi\u00f3n en la actividad proyectual entorno a la seguridad industrial, por lo que las ingenier\u00edas deben posicionarse como un agente estrat\u00e9gico, dise\u00f1ando y gestionando las diferentes tecnolog\u00edas para lograr eficiencia en esos procesos, y en definitiva en las organizaciones y las personas.<\/p>\n\n\n\n<p>Se trata de una Jornada entorno a concienciar sobre la importancia de la Seguridad Industrial: nuevas herramientas de las que se dispone para facilitar el cumplimiento reglamentario en seguridad industrial por parte de las empresas (SI-check, formaci\u00f3n SI, Portal Industria \u2026) y figura de la persona Responsable de Seguridad Industrial. Esta Jornada se enmarca en el Plan de Acci\u00f3n para la Promoci\u00f3n de la Seguridad Industrial 2023 y forma parte de la Campa\u00f1a \u201cS\u00ed Seguridad Industrial\u201d que se inici\u00f3 en el a\u00f1o 2018 por la Conselleria de Econom\u00eda Sostenible, Sectores Productivos, Comercio y Trabajo.<\/p>\n\n\n\n<p><strong>PROGRAMA<\/strong><\/p>\n\n\n\n<p>15:30h Acreditaci\u00f3n de asistentes<\/p>\n\n\n\n<p>15:35h Presentaci\u00f3n de la Jornada<\/p>\n\n\n\n<p>15:45h Ponencia \u201cHerramientas y recursos para la Seguridad Industrial\u201d<\/p>\n\n\n\n<p>16:30h Ponencia \u201cPlataforma SI Check de Autodiagn\u00f3stico\u201d<\/p>\n\n\n\n<p>17:15h Clausura y demostraci\u00f3n t\u00e9cnica de casos pr\u00e1cticos relacionados con la Seguridad Industrial mediante el uso de casco de realidad virtual<\/p>\n\n\n\n<div class=\"wp-block-buttons\">\n<div class=\"wp-block-button has-custom-width wp-block-button__width-100\"><a class=\"wp-block-button__link has-vivid-cyan-blue-background-color has-background\" href=\"https:\/\/www.coitialicante.es\/index.php\/cogiticova?servicio=acontecimiento_ver&amp;id=2348\"><strong>INSCRIBIRSE<\/strong><\/a><\/div>\n<\/div>\n\n\n\n<hr class=\"wp-block-separator\"\/>\n\n\n\n<div class=\"wp-block-image\"><figure class=\"aligncenter size-full\"><a href=\"https:\/\/www.coitialicante.es\/index.php\/cogiticova?servicio=acontecimiento_ver&amp;id=2348\"><img loading=\"lazy\" width=\"1677\" height=\"2362\" src=\"https:\/\/cogiticova.es\/wp-content\/uploads\/2023\/10\/COGITICOVA_Programa_Jornada_UNIVERSIDAD_UV.jpg\" alt=\"JORNADA HERRAMIENTAS Y RECURSOS PARA LA SEGURIDAD INDUSTRIAL \u2013 UV VALENCIA\" class=\"wp-image-2292\" title=\"JORNADA HERRAMIENTAS Y RECURSOS PARA LA SEGURIDAD INDUSTRIAL \u2013 UV VALENCIA\" srcset=\"https:\/\/cogiticova.es\/wp-content\/uploads\/2023\/10\/COGITICOVA_Programa_Jornada_UNIVERSIDAD_UV.jpg 1677w, https:\/\/cogiticova.es\/wp-content\/uploads\/2023\/10\/COGITICOVA_Programa_Jornada_UNIVERSIDAD_UV-213x300.jpg 213w, https:\/\/cogiticova.es\/wp-content\/uploads\/2023\/10\/COGITICOVA_Programa_Jornada_UNIVERSIDAD_UV-727x1024.jpg 727w, https:\/\/cogiticova.es\/wp-content\/uploads\/2023\/10\/COGITICOVA_Programa_Jornada_UNIVERSIDAD_UV-768x1082.jpg 768w, https:\/\/cogiticova.es\/wp-content\/uploads\/2023\/10\/COGITICOVA_Programa_Jornada_UNIVERSIDAD_UV-1091x1536.jpg 1091w, https:\/\/cogiticova.es\/wp-content\/uploads\/2023\/10\/COGITICOVA_Programa_Jornada_UNIVERSIDAD_UV-1454x2048.jpg 1454w\" sizes=\"(max-width: 1677px) 100vw, 1677px\" \/><\/a><\/figure><\/div>\n\n\n\n<p class=\"has-medium-font-size\">RECURSOS<\/p>\n\n\n\n<p class=\"has-medium-font-size\"><strong><a rel=\"noreferrer noopener\" href=\"https:\/\/cogiticova.es\/wp-content\/uploads\/2023\/10\/cartel_completo_uv.png\" target=\"_blank\">CARTEL JORNADA<\/a><\/strong><a rel=\"noreferrer noopener\" href=\"https:\/\/cogiticova.es\/wp-content\/uploads\/2023\/10\/cartel_completo_uv.png\" target=\"_blank\"><img loading=\"lazy\" width=\"1280\" height=\"1280\" class=\"wp-image-2076\" style=\"width: 60px;\" src=\"https:\/\/cogiticova.es\/wp-content\/uploads\/2023\/09\/descarga.png\" alt=\"\" srcset=\"https:\/\/cogiticova.es\/wp-content\/uploads\/2023\/09\/descarga.png 1280w, https:\/\/cogiticova.es\/wp-content\/uploads\/2023\/09\/descarga-300x300.png 300w, https:\/\/cogiticova.es\/wp-content\/uploads\/2023\/09\/descarga-1024x1024.png 1024w, https:\/\/cogiticova.es\/wp-content\/uploads\/2023\/09\/descarga-150x150.png 150w, https:\/\/cogiticova.es\/wp-content\/uploads\/2023\/09\/descarga-768x768.png 768w, https:\/\/cogiticova.es\/wp-content\/uploads\/2023\/09\/descarga-70x70.png 70w, https:\/\/cogiticova.es\/wp-content\/uploads\/2023\/09\/descarga-127x127.png 127w, https:\/\/cogiticova.es\/wp-content\/uploads\/2023\/09\/descarga-476x476.png 476w, https:\/\/cogiticova.es\/wp-content\/uploads\/2023\/09\/descarga-125x125.png 125w\" sizes=\"(max-width: 1280px) 100vw, 1280px\" \/><\/a><\/p>\n\n\n\n<p class=\"has-medium-font-size\"><strong><a rel=\"noreferrer noopener\" href=\"https:\/\/cogiticova.es\/wp-content\/uploads\/2023\/10\/COGITICOVA_Programa_Jornada_UNIVERSIDAD_UV.jpg\" target=\"_blank\">PROGRAM<\/a><\/strong><a rel=\"noreferrer noopener\" href=\"https:\/\/cogiticova.es\/wp-content\/uploads\/2023\/10\/COGITICOVA_Programa_Jornada_UNIVERSIDAD_UV.jpg\" target=\"_blank\"><strong>A<\/strong><img loading=\"lazy\" width=\"1280\" height=\"1280\" class=\"wp-image-2076\" style=\"width: 60px;\" src=\"https:\/\/cogiticova.es\/wp-content\/uploads\/2023\/09\/descarga.png\" alt=\"\" srcset=\"https:\/\/cogiticova.es\/wp-content\/uploads\/2023\/09\/descarga.png 1280w, https:\/\/cogiticova.es\/wp-content\/uploads\/2023\/09\/descarga-300x300.png 300w, https:\/\/cogiticova.es\/wp-content\/uploads\/2023\/09\/descarga-1024x1024.png 1024w, https:\/\/cogiticova.es\/wp-content\/uploads\/2023\/09\/descarga-150x150.png 150w, https:\/\/cogiticova.es\/wp-content\/uploads\/2023\/09\/descarga-768x768.png 768w, https:\/\/cogiticova.es\/wp-content\/uploads\/2023\/09\/descarga-70x70.png 70w, https:\/\/cogiticova.es\/wp-content\/uploads\/2023\/09\/descarga-127x127.png 127w, https:\/\/cogiticova.es\/wp-content\/uploads\/2023\/09\/descarga-476x476.png 476w, https:\/\/cogiticova.es\/wp-content\/uploads\/2023\/09\/descarga-125x125.png 125w\" sizes=\"(max-width: 1280px) 100vw, 1280px\" \/><\/a><\/p>\n\n\n\n<p class=\"has-medium-font-size\"><strong><a rel=\"noreferrer noopener\" href=\"https:\/\/cogiticova.es\/wp-content\/uploads\/2023\/10\/Guia_Jornadas_SI_Universidades.pdf\" target=\"_blank\">GUI\u00d3N JORNADA<\/a><\/strong><a rel=\"noreferrer noopener\" href=\"https:\/\/cogiticova.es\/wp-content\/uploads\/2023\/10\/Guia_Jornadas_SI_Universidades.pdf\" target=\"_blank\"><img loading=\"lazy\" width=\"1280\" height=\"1280\" class=\"wp-image-2076\" style=\"width: 60px;\" src=\"https:\/\/cogiticova.es\/wp-content\/uploads\/2023\/09\/descarga.png\" alt=\"\" srcset=\"https:\/\/cogiticova.es\/wp-content\/uploads\/2023\/09\/descarga.png 1280w, https:\/\/cogiticova.es\/wp-content\/uploads\/2023\/09\/descarga-300x300.png 300w, https:\/\/cogiticova.es\/wp-content\/uploads\/2023\/09\/descarga-1024x1024.png 1024w, https:\/\/cogiticova.es\/wp-content\/uploads\/2023\/09\/descarga-150x150.png 150w, https:\/\/cogiticova.es\/wp-content\/uploads\/2023\/09\/descarga-768x768.png 768w, https:\/\/cogiticova.es\/wp-content\/uploads\/2023\/09\/descarga-70x70.png 70w, https:\/\/cogiticova.es\/wp-content\/uploads\/2023\/09\/descarga-127x127.png 127w, https:\/\/cogiticova.es\/wp-content\/uploads\/2023\/09\/descarga-476x476.png 476w, https:\/\/cogiticova.es\/wp-content\/uploads\/2023\/09\/descarga-125x125.png 125w\" sizes=\"(max-width: 1280px) 100vw, 1280px\" \/><\/a><\/p>\n\n\n\n<p class=\"has-medium-font-size\"><a href=\"https:\/\/portalindustria.gva.es\/es\" target=\"_blank\" rel=\"noreferrer noopener\"><strong>https:\/\/portalindustria.gva.es\/es<\/strong><\/a><\/p>\n\n\n\n<p class=\"has-medium-font-size\"><a href=\"https:\/\/sicheck.iicv.net\" target=\"_blank\" rel=\"noreferrer noopener\"><strong>https:\/\/sicheck.iicv.net<\/strong><\/a><\/p>\n","protected":false},"excerpt":{"rendered":"<p>JORNADA HERRAMIENTAS Y RECURSOS PARA LA SEGURIDAD INDUSTRIAL \u2013 UV VALENCIA FECHA: Martes 31 de octubre de 2023, de 15:30h a 17:30h LUGAR: Sal\u00f3n de Grados Joan Pelechano. Escuela T\u00e9cnica Superior de Ingenier\u00eda. ETSE-UV. Universidad de Valencia OBJETIVOS El n\u00famero de agentes integrantes en la Seguridad Industrial resulta complejo en cuanto a disciplinas de conocimientoLeer m\u00e1s<\/p>\n","protected":false},"author":1,"featured_media":2199,"parent":0,"menu_order":0,"comment_status":"closed","ping_status":"closed","template":"","meta":[],"_links":{"self":[{"href":"https:\/\/cogiticova.es\/index.php?rest_route=\/wp\/v2\/pages\/1910"}],"collection":[{"href":"https:\/\/cogiticova.es\/index.php?rest_route=\/wp\/v2\/pages"}],"about":[{"href":"https:\/\/cogiticova.es\/index.php?rest_route=\/wp\/v2\/types\/page"}],"author":[{"embeddable":true,"href":"https:\/\/cogiticova.es\/index.php?rest_route=\/wp\/v2\/users\/1"}],"replies":[{"embeddable":true,"href":"https:\/\/cogiticova.es\/index.php?rest_route=%2Fwp%2Fv2%2Fcomments&post=1910"}],"version-history":[{"count":14,"href":"https:\/\/cogiticova.es\/index.php?rest_route=\/wp\/v2\/pages\/1910\/revisions"}],"predecessor-version":[{"id":2318,"href":"https:\/\/cogiticova.es\/index.php?rest_route=\/wp\/v2\/pages\/1910\/revisions\/2318"}],"wp:featuredmedia":[{"embeddable":true,"href":"https:\/\/cogiticova.es\/index.php?rest_route=\/wp\/v2\/media\/2199"}],"wp:attachment":[{"href":"https:\/\/cogiticova.es\/index.php?rest_route=%2Fwp%2Fv2%2Fmedia&parent=1910"}],"curies":[{"name":"wp","href":"https:\/\/api.w.org\/{rel}","templated":true}]}}

<p><strong>JORNADA HERRAMIENTAS Y RECURSOS PARA LA SEGURIDAD INDUSTRIAL – UV VALENCIA</strong></p>



<p><strong>FECHA: Martes 31 de octubre de 2023, de 15:30h a 17:30h</strong></p>



<p><strong>LUGAR: Salón de Grados Joan Pelechano. Escuela Técnica Superior de Ingeniería. ETSE-UV. Universidad de Valencia</strong></p>



<p><strong>OBJETIVOS</strong></p>



<p>El número de agentes integrantes en la Seguridad Industrial resulta complejo en cuanto a disciplinas de conocimiento involucradas, y aún más si lo que se pretende es una colaboración interdisciplinar para avanzar hacia una transformación digital y sostenible, en la que los ingenieros deben posicionarse como una tecnología habilitadora más conjugando las diferentes disciplinas: infraestructuras, movilidad, eficiencia energética, residuos, gestión y mantenimiento…etc.</p>



<p>La adquisición de información de procesos, edificios y organizaciones, su tratamiento y el análisis posterior de los datos agregados será de suma importancia durante los próximos años para la toma de decisiones de inversión en la actividad proyectual entorno a la seguridad industrial, por lo que las ingenierías deben posicionarse como un agente estratégico, diseñando y gestionando las diferentes tecnologías para lograr eficiencia en esos procesos, y en definitiva en las organizaciones y las personas.</p>



<p>Se trata de una Jornada entorno a concienciar sobre la importancia de la Seguridad Industrial: nuevas herramientas de las que se dispone para facilitar el cumplimiento reglamentario en seguridad industrial por parte de las empresas (SI-check, formación SI, Portal Industria …) y figura de la persona Responsable de Seguridad Industrial. Esta Jornada se enmarca en el Plan de Acción para la Promoción de la Seguridad Industrial 2023 y forma parte de la Campaña “Sí Seguridad Industrial” que se inició en el año 2018 por la Conselleria de Economía Sostenible, Sectores Productivos, Comercio y Trabajo.</p>



<p><strong>PROGRAMA</strong></p>



<p>15:30h Acreditación de asistentes</p>



<p>15:35h Presentación de la Jornada</p>



<p>15:45h Ponencia “Herramientas y recursos para la Seguridad Industrial”</p>



<p>16:30h Ponencia “Plataforma SI Check de Autodiagnóstico”</p>



<p>17:15h Clausura y demostración técnica de casos prácticos relacionados con la Seguridad Industrial mediante el uso de casco de realidad virtual</p>



<div class="wp-block-buttons">
<div class="wp-block-button has-custom-width wp-block-button__width-100"><a class="wp-block-button__link has-vivid-cyan-blue-background-color has-background" href="https://www.coitialicante.es/index.php/cogiticova?servicio=acontecimiento_ver&amp;id=2348"><strong>INSCRIBIRSE</strong></a></div>
</div>



<hr class="wp-block-separator"/>



<div class="wp-block-image"><figure class="aligncenter size-full"><a href="https://www.coitialicante.es/index.php/cogiticova?servicio=acontecimiento_ver&amp;id=2348"><img loading="lazy" width="1677" height="2362" src="https://cogiticova.es/wp-content/uploads/2023/10/COGITICOVA_Programa_Jornada_UNIVERSIDAD_UV.jpg" alt="JORNADA HERRAMIENTAS Y RECURSOS PARA LA SEGURIDAD INDUSTRIAL – UV VALENCIA" class="wp-image-2292" title="JORNADA HERRAMIENTAS Y RECURSOS PARA LA SEGURIDAD INDUSTRIAL – UV VALENCIA" srcset="https://cogiticova.es/wp-content/uploads/2023/10/COGITICOVA_Programa_Jornada_UNIVERSIDAD_UV.jpg 1677w, https://cogiticova.es/wp-content/uploads/2023/10/COGITICOVA_Programa_Jornada_UNIVERSIDAD_UV-213x300.jpg 213w, https://cogiticova.es/wp-content/uploads/2023/10/COGITICOVA_Programa_Jornada_UNIVERSIDAD_UV-727x1024.jpg 727w, https://cogiticova.es/wp-content/uploads/2023/10/COGITICOVA_Programa_Jornada_UNIVERSIDAD_UV-768x1082.jpg 768w, https://cogiticova.es/wp-content/uploads/2023/10/COGITICOVA_Programa_Jornada_UNIVERSIDAD_UV-1091x1536.jpg 1091w, https://cogiticova.es/wp-content/uploads/2023/10/COGITICOVA_Programa_Jornada_UNIVERSIDAD_UV-1454x2048.jpg 1454w" sizes="(max-width: 1677px) 100vw, 1677px" /></a></figure></div>



<p class="has-medium-font-size">RECURSOS</p>



<p class="has-medium-font-size"><strong><a rel="noreferrer noopener" href="https://cogiticova.es/wp-content/uploads/2023/10/cartel_completo_uv.png" target="_blank">CARTEL JORNADA</a></strong><a rel="noreferrer noopener" href="https://cogiticova.es/wp-content/uploads/2023/10/cartel_completo_uv.png" target="_blank"><img loading="lazy" width="1280" height="1280" class="wp-image-2076" style="width: 60px;" src="https://cogiticova.es/wp-content/uploads/2023/09/descarga.png" alt="" srcset="https://cogiticova.es/wp-content/uploads/2023/09/descarga.png 1280w, https://cogiticova.es/wp-content/uploads/2023/09/descarga-300x300.png 300w, https://cogiticova.es/wp-content/uploads/2023/09/descarga-1024x1024.png 1024w, https://cogiticova.es/wp-content/uploads/2023/09/descarga-150x150.png 150w, https://cogiticova.es/wp-content/uploads/2023/09/descarga-768x768.png 768w, https://cogiticova.es/wp-content/uploads/2023/09/descarga-70x70.png 70w, https://cogiticova.es/wp-content/uploads/2023/09/descarga-127x127.png 127w, https://cogiticova.es/wp-content/uploads/2023/09/descarga-476x476.png 476w, https://cogiticova.es/wp-content/uploads/2023/09/descarga-125x125.png 125w" sizes="(max-width: 1280px) 100vw, 1280px" /></a></p>



<p class="has-medium-font-size"><strong><a rel="noreferrer noopener" href="https://cogiticova.es/wp-content/uploads/2023/10/COGITICOVA_Programa_Jornada_UNIVERSIDAD_UV.jpg" target="_blank">PROGRAM</a></strong><a rel="noreferrer noopener" href="https://cogiticova.es/wp-content/uploads/2023/10/COGITICOVA_Programa_Jornada_UNIVERSIDAD_UV.jpg" target="_blank"><strong>A</strong><img loading="lazy" width="1280" height="1280" class="wp-image-2076" style="width: 60px;" src="https://cogiticova.es/wp-content/uploads/2023/09/descarga.png" alt="" srcset="https://cogiticova.es/wp-content/uploads/2023/09/descarga.png 1280w, https://cogiticova.es/wp-content/uploads/2023/09/descarga-300x300.png 300w, https://cogiticova.es/wp-content/uploads/2023/09/descarga-1024x1024.png 1024w, https://cogiticova.es/wp-content/uploads/2023/09/descarga-150x150.png 150w, https://cogiticova.es/wp-content/uploads/2023/09/descarga-768x768.png 768w, https://cogiticova.es/wp-content/uploads/2023/09/descarga-70x70.png 70w, https://cogiticova.es/wp-content/uploads/2023/09/descarga-127x127.png 127w, https://cogiticova.es/wp-content/uploads/2023/09/descarga-476x476.png 476w, https://cogiticova.es/wp-content/uploads/2023/09/descarga-125x125.png 125w" sizes="(max-width: 1280px) 100vw, 1280px" /></a></p>



<p class="has-medium-font-size"><strong><a rel="noreferrer noopener" href="https://cogiticova.es/wp-content/uploads/2023/10/Guia_Jornadas_SI_Universidades.pdf" target="_blank">GUIÓN JORNADA</a></strong><a rel="noreferrer noopener" href="https://cogiticova.es/wp-content/uploads/2023/10/Guia_Jornadas_SI_Universidades.pdf" target="_blank"><img loading="lazy" width="1280" height="1280" class="wp-image-2076" style="width: 60px;" src="https://cogiticova.es/wp-content/uploads/2023/09/descarga.png" alt="" srcset="https://cogiticova.es/wp-content/uploads/2023/09/descarga.png 1280w, https://cogiticova.es/wp-content/uploads/2023/09/descarga-300x300.png 300w, https://cogiticova.es/wp-content/uploads/2023/09/descarga-1024x1024.png 1024w, https://cogiticova.es/wp-content/uploads/2023/09/descarga-150x150.png 150w, https://cogiticova.es/wp-content/uploads/2023/09/descarga-768x768.png 768w, https://cogiticova.es/wp-content/uploads/2023/09/descarga-70x70.png 70w, https://cogiticova.es/wp-content/uploads/2023/09/descarga-127x127.png 127w, https://cogiticova.es/wp-content/uploads/2023/09/descarga-476x476.png 476w, https://cogiticova.es/wp-content/uploads/2023/09/descarga-125x125.png 125w" sizes="(max-width: 1280px) 100vw, 1280px" /></a></p>



<p class="has-medium-font-size"><a href="https://portalindustria.gva.es/es" target="_blank" rel="noreferrer noopener"><strong>https://portalindustria.gva.es/es</strong></a></p>



<p class="has-medium-font-size"><a href="https://sicheck.iicv.net" target="_blank" rel="noreferrer noopener"><strong>https://sicheck.iicv.net</strong></a></p>

<p>JORNADA HERRAMIENTAS Y RECURSOS PARA LA SEGURIDAD INDUSTRIAL – UV VALENCIA FECHA: Martes 31 de octubre de 2023, de 15:30h a 17:30h LUGAR: Salón de Grados Joan Pelechano. Escuela Técnica Superior de Ingeniería. ETSE-UV. Universidad de Valencia OBJETIVOS El número de agentes integrantes en la Seguridad Industrial resulta complejo en cuanto a disciplinas de conocimientoLeer más</p>
